e c(-12).
-84
Let d(i) = -4*i**2 + 6*i + 3. Calculate d(3).
-15
Let a(r) = -r**2 + r - 3. Determine a(4).
-15
Let g(u) = u**2 + 13*u + 7. What is g(-12)?
-5
Let a(o) = -o**2 + 7. Determine a(3).
-2
Let d(x) = x**2 - 8*x - 7. Calculate d(10).
13
Let a(g) = -g**2 + 47*g - 533. What is a(21)?
13
Let u(c) = 24*c**2 - 7*c - 15. Calculate u(-2).
95
Let x(k) = -8*k - 608. Determine x(-76).
0
Let f(s) = s**3 + 7*s**2 - 5*s + 1. Calculate f(-7).
36
Let h(x) = x - 7. Give h(1).
-6
Let g(h) = h + 6. Give g(-20).
-14
Let h(r) = r**3 + 13*r**2 + 10*r - 20. Calculate h(-12).
4
Let c(z) = -5*z + 39. What is c(9)?
-6
Let w(x) = x + 30. Give w(0).
30
Let f(w) = 12*w + 26. Calculate f(-9).
-82
Let z(g) = 7*g + 8. Determine z(4).
36
Let l(r) = 2*r - 18. Give l(7).
-4
Let p(o) = 2*o**2 + 3*o - 41. Calculate p(-6).
13
Let k(w) = -w**2 - 12*w - 4. Determine k(-11).
7
Let c(k) = -k**3 - 18*k**2 - 2*k - 12. Give c(-18).
24
Let b(j) = j**3 + 13*j**2 + 11*j + 15. What is b(-12)?
27
Let f(j) = -6*j + 41. Give f(6).
5
Let v(k) = -3*k - 1. What is v(-1)?
2
Let l(k) = -2*k**3 - 8*k**2 - 8*k + 6. What is l(-4)?
38
Let q(c) = -2*c - 34. Determine q(-13).
-8
Let u(q) = 8*q - 35. Determine u(4).
-3
Let v(p) = 12*p + 2. Calculate v(6).
74
Let r(b) = -4*b**2 - 114*b - 53. Give r(-28).
3
Let t(h) = 2*h - 9. What is t(8)?
7
Let c(r) = -r - 2. Determine c(-9).
7
Let l(g) = g**3 + 10*g**2 + 10*g - 50. Calculate l(-8).
-2
Let d(c) = -c**3 - 3*c**2 + 4*c. What is d(-4)?
0
Let f(v) = 3*v**2 + 5*v - 5. Give f(-2).
-3
Let a(t) = 13*t + 146. Determine a(-11).
3
Let n(h) = -3*h**3 - 14*h**2 - 7*h - 8. Calculate n(-4).
-12
Let w(t) = -9*t - 105. Give w(-11).
-6
Let q(n) = 11*n + 27. Determine q(-4).
-17
Let b(r) = -r**3 - 4*r**2 + 7*r + 10. Calculate b(-5).
0
Let u(s) = s**3 + 3*s**2 + 4*s + 3. What is u(-1)?
1
Let g(l) = 2*l**2 - 16*l + 12. Determine g(7).
-2
Let u(y) = y**2 - 7*y + 5. Give u(5).
-5
Let r(j) = 4*j - 21. What is r(9)?
15
Let x(j) = -2*j + 39. Give x(28).
-17
Let u(o) = 63*o - 1. Determine u(2).
125
Let o(g) = 8*g - 34. Determine o(5).
6
Let v(i) = 2*i**2 - i + 4. Give v(4).
32
Let j(w) = w**2 + 32*w - 14. Give j(-33).
19
Let x(h) = -4*h + 112. Calculate x(0).
112
Let a(i) = i**2 - 3*i - 3. Determine a(8).
37
Let p(v) = -v**3 + 16*v**2 - 17*v + 25. Determine p(15).
-5
Let s(r) = r**2 - 12*r + 9. What is s(8)?
-23
Let w(m) = m**3 - 4*m**2 + 2*m - 10. What is w(4)?
-2
Let n(z) = -2*z**3 + 46*z**2 + 99*z + 32. What is n(25)?
7
Let c(y) = 2*y**3 + 15*y**2 + 27*y + 6. Give c(-5).
-4
Let r(h) = -h**3 + 5*h**2 + 3*h - 5. Give r(5).
10
Let b(i) = i**3 + 6*i**2 - 12*i + 5. What is b(-8)?
-27
Let a(y) = -y**2 - 9*y + 213. Give a(12).
-39
Let k(g) = -g - 58. Determine k(-64).
6
Let j(c) = c**3 - 6*c**2 - 3*c - 3. What is j(5)?
-43
Let v(m) = 39*m**3 + m**2 + 7*m - 7. What is v(1)?
40
Let g(n) = n**3 + 3*n**2 + 6*n + 45. What is g(-4)?
5
Let f(n) = -n - 4. What is f(-14)?
10
Let x(p) = 3*p**2 + 35*p + 15. Calculate x(-11).
-7
Let l(p) = -p**2 + 8*p - 7. What is l(-7)?
-112
Let v(w) = 21*w - 112. What is v(5)?
-7
Let b(j) = j**2 - 71. Calculate b(-9).
10
Let w(r) = -35*r - 10. Calculate w(-1).
25
Let l(i) = 4*i + 55. Calculate l(-14).
-1
Let k(t) = t - 11. Calculate k(7).
-4
Let i(s) = 2*s**2 + 8*s + 5. Determine i(-6).
29
Let w(x) = -2*x**3 - 40*x**2 + x + 16. What is w(-20)?
-4
Let v(s) = -12*s - 135. What is v(-11)?
-3
Let w(y) = y**3 + 14*y**2 - 17*y - 23. Calculate w(-15).
7
Let k(c) = c - 16. Determine k(26).
10
Let m(o) = o**3 - 6*o**2 - 22*o - 16. Give m(9).
29
Let j(h) = -h**2 - 15*h + 8. What is j(-15)?
8
Let n(c) = -c**3 - 8*c**2 - 8*c - 1. What is n(-6)?
-25
Let f(z) = z**2 - 5*z - 8. Give f(8).
16
Let l(f) = 9*f - 24. Determine l(3).
3
Let y(f) = 64*f + 1856. Give y(-29).
0
Let k(u) = -17*u + 125. Determine k(7).
6
Let k(p) = p - 12. Give k(-5).
-17
Let f(o) = -o - 9. Calculate f(-4).
-5
Let k(w) = -w**3 + 16*w**2 - 29*w + 20. Determine k(14).
6
Let q(x) = -6*x - 8. Determine q(6).
-44
Let x(s) = -s**3 + 23*s**2 + 50*s - 3. What is x(25)?
-3
Let h(r) = -r**3 + 4*r**2 + 3. Determine h(3).
12
Let p(b) = b**2 - 31*b - 26. Give p(32).
6
Let p(u) = u**2 - 8*u + 6. Give p(6).
-6
Let v(r) = -2*r**2 + 35*r - 14. Determine v(17).
3
Let k(i) = -i**2 + 10*i - 4. What is k(10)?
-4
Let k(y) = 21*y - 7. Calculate k(7).
140
Let m(x) = -2*x**2 + 62*x - 10. What is m(30)?
50
Let v(i) = -i**3 - 19*i**2 - 20*i - 4. Determine v(-18).
32
Let h(u) = 2*u + 18. What is h(0)?
18
Let k(n) = 134*n + 1078. Calculate k(-8).
6
Let k(l) = 48*l - 337. Give k(7).
-1
Let t(j) = j**2 + 18*j + 16. Determine t(-17).
-1
Let j(f) = 3*f + 68. Determine j(-23).
-1
Let x(f) = f - 4. Calculate x(2).
-2
Let u(f) = 72*f**2 + 2*f + 1. Calculate u(1).
75
Let p(q) = -4*q - 38. Determine p(0).
-38
Let f(r) = 3*r**2 + 3*r + 3. Determine f(-4).
39
Let k(d) = d**2 - 7*d - 8. Give k(8).
0
Let d(p) = -p**2 + 8*p - 13. What is d(6)?
-1
Let m(v) = 2*v**2 - 8*v - 15. Determine m(6).
9
Let x(c) = -2*c**2 - 3*c - 14. Calculate x(0).
-14
Let y(p) = 7*p + 9. What is y(-8)?
-47
Let t(d) = d**2 - 13*d + 2. Determine t(12).
-10
Let i(l) = -l**3 + 9*l**2 + 12. Give i(9).
12
Let o(l) = -l**3 + 10*l**2 - 6*l - 15. What is o(8)?
65
Let d(u) = u**2 - 27*u + 74. What is d(24)?
2
Let r(m) = -m + 4. What is r(7)?
-3
Let p(k) = k**3 + 6*k**2 - 6*k + 12. Give p(-7).
5
Let b(n) = n**2 + 5*n. Determine b(-6).
6
Let t(l) = -2*l**2 + 36*l + 151. What is t(-4)?
-25
Let k(i) = i**3 + 18*i**2 + 66*i - 2. What is k(-5)?
-7
Let s(g) = g**3 - 9*g**2 - 11*g + 14. Give s(10).
4
Let x(o) = o**2 + 16*o - 29. Give x(-18).
7
Let m(d) = 2*d**3 - 21*d**2 + 41*d + 3. Determine m(8).
11
Let z(c) = -2*c**2 - 3*c + 3. Calculate z(-3).
-6
Let k(m) = 4*m + 20. Determine k(7).
48
Let s(v) = 6*v - 15. Determine s(3).
3
Let k(a) = a**3 - 8*a**2 + 9*a - 1. Calculate k(7).
13
Let x(a) = -a - 14. What is x(-14)?
0
Let g(y) = 24*y - 3. What is g(1)?
21
Let d(v) = -v**3 - 5*v**2 + 7. Calculate d(-4).
-9
Let s(h) = 43*h + 633. Determine s(-15).
-12
Let c(y) = -3*y + 47. What is c(17)?
-4
Let x(k) = -k**3 - 8*k**2 + 24*k + 31. What is x(-10)?
-9
Let j(u) = -u + 16. Give j(12).
4
Let z(w) = -42*w - 548. Calculate z(-13).
-2
Let u(c) = c**2 - 38*c - 38. Give u(39).
1
Let r(v) = -2*v**3 - 20*v**2 + 21*v - 19. Give r(-11).
-8
Let n(o) = -o**3 + 27*o**2 + 62*o - 101. Give n(29).
15
Let i(w) = 8*w**2 - 1. Determine i(1).
7
Let b(f) = f**2 + 17*f - 88. What is b(-21)?
-4
Let s(t) = t**3 - 20*t**2 - 23*t + 16. Give s(21).
-26
Let w(v) = -v**3 + 7*v**2 - 4*v + 5. Determine w(6).
17
Let q(f) = -3*f + 1. Determine q(-2).
7
Let g(d) = d**3 - 14*d**2 + 13*d - 43. What is g(14)?
139
Let i(h) = -14*h + 94. What is i(7)?
-4
Let u(m) = m**2 + 23*m - 9. Determine u(-23).
-9
Let t(r) = 2*r**3 + r**2 - 4*r - 4. Give t(-2).
-8
Let t(o) = o**3 - 27*o**2 + 30*o - 113. Calculate t(26).
-9
Let c(f) = -f**3 + 8*f**2 + 6*f + 20. Calculate c(9).
-7
Let x(p) = -p**2 - 13*p + 39. Calculate x(-17).
-29
Let v(g) = -g**2 - g + 156. Calculate v(-13).
0
Let f(w) = w**2 + 24*w - 26. Give f(-15).
-161
Let q(s) = -2*s**3 - 36*s**2 + s + 10. Give q(-18).
-8
Let t(q) = 2*q + 65. Give t(-26).
13
Let u(x) = -2*x**3 + 3*x**2 + 2*x + 2. What is u(3)?
-19
Let c(s) = 3*s**2 + 2*s - 3. Give c(-2).
5
Let s(w) = w - 25. Give s(0).
-25
Let d(r) = -r**3 + 8*r**2 - 8*r - 3. Calculate d(7).
-10
Let y(c) = c + 15. Give y(-8).
7
Let v(g) = -g - 5. Give v(-5).
0
Let j(n) = -6*n**3 + n**2 - 2*n - 2. Determine j(3).
-161
Let x(k) = -k**3 + 9*k**2 + 10*k - 17. Determine x(10).
-17
Let a(m) = m**3 + 3*m**2 + 12*m + 38. Give a(-3).
2
Let o(k) = -k**3 - 2*k**2 - 8*k + 3. Give o(-6).
195
Let m(c) = 4*c**3 + c**2 - c + 3. Determine m(-2).
-23
Let g(v) = -2*v**3 + v**2 + 3*v + 3. What is g(-1)?
3
Let h(o) = -o**3 + 16*o**2 - 59*o - 7. Give h(10).
3
Let r(c) = c**2 - 9*c + 4. Calculate r(8).
-4
Let j(k) = k**3 - 6*k**2 + 6. Calculate j(5).
-19
Let n(x) = x - 17. Calculate n(0).
-17
Let b(j) = j**2 + 6*j - 15. What is b(-7)?
-8
Let f(d) = -d**2 - 8*d - 8. Give f(-9).
-17
Let d(o) = 4*o - 86. Determine d(15).
-26
Let k(r) = -r**3 - 14*r**2 + 2. Give k(-14).
2
Let p(n) = -n**3 + 13*n**2 - 14*n + 20. Calculate p(12).
-4
Let z(r) = -4*r - 39. What is z(-12)?
9
Let s(w) = -w**3 + 10*w**2 + 10*w + 26. Give s(11).
15
Let q(k) = -9*k**2 - 8*k + 10. 